 8. Determine t(-3).
802
Let k(b) = -1450*b**2 - 8541*b + 8. Calculate k(-6).
-946
Let o(b) = -17*b**2 - 28*b + 107. Determine o(-7).
-530
Let u(h) = -h**3 + 31*h**2 - 88*h - 2220. Calculate u(15).
60
Let j(x) = -22*x**2 - 31*x - 14. Determine j(0).
-14
Let g(o) = -155*o**2 - 2788*o + 12. Give g(-18).
-24
Let o(u) = -3*u**3 + 36*u**2 + 22*u - 111. Give o(12).
153
Let z(b) = 396*b - 1722. Calculate z(3).
-534
Let u(m) = -m**2 + 712*m - 4268. Give u(6).
-32
Let w(p) = 18371*p + 1139032. Determine w(-62).
30
Let w(x) = -13597*x**2 + 13585*x - 1. Calculate w(1).
-13
Let j(f) = -2*f**3 - 30*f**2 - 124*f - 4172. What is j(-18)?
4
Let o(y) = 291*y + 751. Give o(1).
1042
Let a(d) = 38*d**2 - 407*d. Determine a(10).
-270
Let i(r) = -2*r**3 - 45*r**2 - 143*r - 352. Determine i(-19).
-162
Let x(v) = 9*v**2 - 4002*v - 36741. What is x(-9)?
6
Let u(o) = 2*o**3 - 10*o**2 + 29*o + 16. Determine u(10).
1306
Let k(y) = -8608*y + 602607. Give k(70).
47
Let g(p) = p**2 - 626*p + 18198. Calculate g(31).
-247
Let v(o) = -o**3 - 42*o**2 + 373*o + 17047. What is v(-41)?
73
Let p(r) = -8*r**2 + 251*r - 20. Determine p(33).
-449
Let l(t) = t**3 + 556*t**2 + 558*t + 1786. What is l(-555)?
121
Let t(y) = -50*y**3 + 251*y**2 - 84*y + 413. Determine t(5).
18
Let s(i) = -2*i**3 - 1120*i**2 - 3284*i + 32325. Determine s(-557).
19
Let l(t) = 3151*t + 173610. Determine l(-55).
305
Let b(z) = 110*z**2 + 2083*z + 1853. Determine b(-18).
-1
Let t(m) = -m**3 - 27*m**2 - 35*m + 272. Calculate t(-25).
-103
Let j(f) = f**3 - 5*f**2 - 401*f + 20. Give j(0).
20
Let w(d) = -3*d**3 + 68*d**2 - 1461*d + 31474. Give w(22).
300
Let t(a) = 3*a**2 - 12930*a - 116617. Calculate t(-9).
-4
Let x(d) = -31*d + 2182. Calculate x(-6).
2368
Let k(t) = 98051*t - 588482. Give k(6).
-176
Let n(y) = y**3 - 66*y**2 - 133*y + 220. Determine n(68).
424
Let a(p) = p**3 + 63*p**2 + 48*p + 3036. Calculate a(-63).
12
Let o(z) = 11*z**2 - 621*z + 1844. What is o(53)?
-170
Let r(z) = -1844*z + 256270. What is r(139)?
-46
Let n(q) = 770*q - 336484. Calculate n(437).
6
Let y(i) = i**3 - 124*i**2 + 120*i + 609. Calculate y(123).
240
Let h(g) = -580*g + 12757. Give h(22).
-3
Let f(w) = -411*w**2 + 11094*w + 92. Calculate f(27).
11
Let z(b) = 1327*b - 56718. What is z(43)?
343
Let g(f) = f**3 + 154*f**2 - 840*f + 46260. What is g(-161)?
53
Let b(t) = -t**3 + 36*t**2 - 18*t - 593. Give b(35).
2
Let k(q) = q**3 + 86*q**2 - 275*q - 8549. Calculate k(-88).
163
Let r(n) = 31*n**2 + 39*n - 13. Give r(2).
189
Let l(q) = -213*q - 722. What is l(-10)?
1408
Let p(h) = -6*h**3 - 50*h**2 + 26*h + 70. What is p(-9)?
160
Let z(w) = 4662*w + 14003. Calculate z(-3).
17
Let y(p) = 871*p - 234947. Calculate y(270).
223
Let l(y) = -477*y - 1568. Calculate l(-3).
-137
Let s(r) = -5*r**3 + 170*r**2 - 333*r + 321. Calculate s(32).
-95
Let j(h) = -92587*h - 2407244. What is j(-26)?
18
Let g(l) = -221*l - 46351. What is g(-210)?
59
Let y(k) = 52*k**2 - 28343*k + 1649. Give y(545).
14
Let g(j) = -3*j**2 - 491*j - 9528. Calculate g(-141).
60
Let x(c) = 889*c + 23937. What is x(-27)?
-66
Let m(z) = -z**3 + 1435*z**2 + 10082*z + 17303. What is m(1442)?
-1
Let i(w) = 196323*w + 785301. Give i(-4).
9
Let d(n) = -879*n**2 + 2623*n + 170. Calculate d(3).
128
Let w(c) = 600690*c + 1802077. Give w(-3).
7
Let b(r) = 86*r**3 - 15*r**2 - 30*r - 15. What is b(-2)?
-703
Let f(a) = -4836*a + 31102. Determine f(7).
-2750
Let a(g) = 10*g**2 - 2503*g + 155156. Determine a(113).
7
Let b(a) = -12*a**2 + 1877*a + 35093. Calculate b(-17).
-284
Let x(k) = -97*k**2 - 33*k - 97. What is x(-3)?
-871
Let v(q) = 3*q**3 + 15*q**2 - 310*q + 10. Give v(8).
26
Let z(d) = 143*d**2 + 11*d + 52. Determine z(-2).
602
Let g(t) = t**3 + 30*t**2 - 409*t - 12311. What is g(-30)?
-41
Let n(g) = 80*g**3 - 1037*g**2 - 58*g + 254. Calculate n(13).
7
Let v(q) = 61*q**2 + 1459*q - 132. Calculate v(-24).
-12
Let m(b) = -1379*b - 325594. Determine m(-236).
-150
Let n(g) = -5*g**2 - 105*g + 16572. Calculate n(48).
12
Let b(m) = -194*m**3 - 17*m**2 + 30*m - 2. Give b(2).
-1562
Let a(r) = -13614*r + 16323185. Determine a(1199).
-1
Let w(d) = 9*d**3 - 5*d**2 + 2*d - 163. Give w(-6).
-2299
Let l(i) = 151*i - 890. Give l(7).
167
Let y(l) = -2*l**3 + 427*l**2 - 215*l + 423. Give y(213).
-3
Let m(h) = -2*h**3 - 224*h**2 - 647*h + 760. Give m(-109).
-3
Let x(r) = -67*r + 7510. Give x(58).
3624
Let m(l) = -9*l**2 - 370*l - 520. Determine m(0).
-520
Let k(i) = 2661*i - 106436. Calculate k(40).
4
Let x(s) = -18202*s + 309411. What is x(17)?
-23
Let t(y) = y**3 - 15*y**2 - 365*y + 5064. Give t(16).
-520
Let t(c) = 39*c**2 - 8*c + 146. Calculate t(7).
2001
Let g(j) = -52133*j - 417061. What is g(-8)?
3
Let k(i) = 2*i**3 - 74*i**2 + 788*i - 29205. Give k(37).
-49
Let c(m) = 1080077*m - 3240268. What is c(3)?
-37
Let s(o) = 3*o**3 - 346*o**2 + 429*o - 77. What is s(114)?
-3155
Let a(v) = -817*v**2 + 561275*v + 2749. Determine a(687).
1
Let t(k) = -20*k**2 - 3905*k - 427. Give t(-195).
548
Let z(d) = 133087*d + 34. What is z(0)?
34
Let i(q) = 15*q + 207. Give i(32).
687
Let d(x) = -6*x**3 - 6*x**2 + 54*x - 49. What is d(1)?
-7
Let t(s) = -s**2 + 694*s + 30547. Give t(-42).
-365
Let r(q) = -19*q**3 + 38*q**2 - 76*q + 156. Determine r(2).
4
Let p(w) = -2974*w - 21663. Give p(-6).
-3819
Let t(b) = -898*b - 364595. Calculate t(-406).
-7
Let q(k) = -1532*k + 254322. Determine q(166).
10
Let f(p) = -5*p**3 + 237*p**2 - 34*p - 2810. Determine f(47).
10
Let u(c) = -10*c**2 + 234*c + 1467. Determine u(28).
179
Let q(l) = 4*l**2 - 693*l + 5824. Determine q(169).
2951
Let x(c) = 8*c**3 + 55*c**2 - 14*c - 2. Give x(-7).
47
Let q(z) = 21*z**2 + 21265*z + 126846. Give q(-6).
12
Let k(b) = -5904*b - 1599982. Give k(-271).
2
Let f(j) = -45778*j + 45757. Determine f(1).
-21
Let q(w) = -53*w**3 - 4769*w**2 + 88*w - 180. Calculate q(-90).
0
Let j(l) = 2*l**2 + 23721*l - 856603. Give j(36).
-55
Let a(g) = g**2 + 3565*g + 32169. Calculate a(-9).
165
Let z(f) = f**3 + 17*f**2 + 69*f - 53. Determine z(-9).
-26
Let t(w) = -203*w + 50941. Determine t(254).
-621
Let p(z) = 2243*z**2 + 4643*z - 11. Give p(-2).
-325
Let i(m) = -726568*m**2 - 17437633*m - 23. Give i(-24).
1
Let h(r) = 34*r**3 - 44*r**2 + 6*r - 44. Determine h(3).
496
Let t(z) = -68548*z + 205623. Give t(3).
-21
Let o(q) = 81*q**2 + 1947*q - 81. What is o(-24)?
-153
Let r(h) = 22639*h + 22550. Give r(-1).
-89
Let h(g) = 533608*g - 2668044. Determine h(5).
-4
Let j(h) = 809*h**2 + 8153*h + 641. Calculate j(-10).
11
Let b(d) = -282837*d - 6222426. Determine b(-22).
-12
Let q(f) = -17*f**2 + 2446*f - 14676. Determine q(6).
-612
Let k(j) = 50470*j - 908453. Calculate k(18).
7
Let b(o) = -700369*o - 2101104. What is b(-3)?
3
Let c(j) = -16826*j - 84770. Give c(-5).
-640
Let x(v) = -v**2 + 2957*v - 113829. Determine x(39).
-27
Let d(h) = 547*h**3 - 7112*h**2 + 7*h + 55. Calculate d(13).
-23
Let g(j) = 4176*j - 83506. What is g(20)?
14
Let i(b) = -145*b - 72485. What is i(-500)?
15
Let j(o) = -19959*o**2 + 119728*o + 141. Determine j(6).
-15
Let u(k) = -k**2 + 64759*k - 2653433. Calculate u(41).
5
Let k(t) = 3*t**3 - 12*t**2 + 2*t + 49. What is k(-7)?
-1582
Let o(r) = -r**2 - 170*r + 29575. Determine o(-271).
2204
Let s(n) = 139*n - 374. What is s(0)?
-374
Let j(s) = s**3 - 154*s**2 + 905*s - 63. What is j(6)?
39
Let i(o) = 4398*o + 250679. Determine i(-57).
-7
Let g(j) = -j**3 - 479*j**2 + 3407*j - 24. What is g(7)?
11
Let i(p) = 206*p**2 - 11186*p - 128. Determine i(54).
-3476
Let o(r) = 10*r**2 + 582*r + 2042. What is o(-52)?
-1182
Let j(g) = 77*g + 5732. Determine j(-77).
-197
Let d(o) = -66*o + 1682. Calculate d(9).
1088
Let c(z) = -2216*z - 582839. Give c(-263).
-31
Let w(r) = -4895*r - 675474. Give w(-138).
36
Let b(u) = 24773*u - 99095. Give b(4).
-3
Let b(v) = v**3 - 540*v**2 + 1073*v + 1677. Calculate b(538).
63
Let y(x) = -x**2 - 565*x - 11427. What is y(-21)?
-3
Let x(i) = 101*i**2 + 5400*i - 5392. Determine x(1).
109
Let i(p) = 28*p**2 - 2912*p + 24007. Determine i(9).
67
Let r(g) = 2*g**3 + 111*g**2 - 2022*g - 130476. Give r(-40).
4
Let d(n) = 356*n + 14311. Give d(-38).
783
Let o(t) = 353*t**2 - 49*t - 183. Give o(-3).
3141
Let x(a) = -32431*a + 324338. Determine x(10).
28
Let h(r) = -r**3 - 83*r**2 + 157*r - 95. Determine h(-85).
1010
Let b(w) = -1882*w 